{"id":38,"date":"2023-04-04T19:24:31","date_gmt":"2023-04-04T19:24:31","guid":{"rendered":"http:\/\/casasdomondego.com\/site01\/index.php\/aldeias-historicas\/"},"modified":"2023-05-30T22:16:12","modified_gmt":"2023-05-30T22:16:12","slug":"aldeias-historicas","status":"publish","type":"page","link":"https:\/\/www.casasdomondego.com\/site\/aldeias-historicas\/","title":{"rendered":"Aldeias Hist\u00f3ricas"},"content":{"rendered":"\n  \n    \n    <section class=\"u-align-left u-clearfix u-grey-5 u-section-2\" id=\"carousel_f659\">\n      <div class=\"u-clearfix u-sheet u-sheet-1\">\n        <h5 class=\"u-align-center u-text u-text-1\" data-lang-pt=\"Quantas surpresas por descobrir...\" data-lang-en=\"\u200bHow many surprises to discover...\">Quantas surpresas por descobrir...<\/h5>\n        <h2 class=\"u-align-center u-text u-text-palette-1-base u-text-2\" data-lang-pt=\"Aldeias Hist\u00f3ricas\" data-lang-en=\"\u200bHistoric Villages\">Aldeias Hist\u00f3ricas<\/h2>\n        <p class=\"u-align-center u-text u-text-3\" data-lang-pt=\" As Aldeias Hist\u00f3ricas de Portugal s\u00e3o antiqu\u00edssimos n\u00facleos urbanos com funda\u00e7\u00e3o anterior \u00e0 na\u00e7\u00e3o portuguesa, situadas na regi\u00e3o das Beiras e de grande import\u00e2ncia hist\u00f3rica.\" data-lang-en=\" \u200bThe Historic Villages of Portugal are ancient urban centers founded before the Portuguese nation, located in the Beiras region and of great historical importance.\"> As Aldeias Hist\u00f3ricas de Portugal s\u00e3o antiqu\u00edssimos n\u00facleos urbanos com funda\u00e7\u00e3o anterior \u00e0 na\u00e7\u00e3o portuguesa, situadas na regi\u00e3o das Beiras e de grande import\u00e2ncia hist\u00f3rica.<\/p>\n        <div class=\"u-expanded-width u-gallery u-layout-grid u-lightbox u-show-text-on-hover u-gallery-1\">\n          <div class=\"u-gallery-inner u-gallery-inner-1\">\n            <div class=\"u-effect-fade u-gallery-item\">\n              <div class=\"u-back-slide\" data-image-width=\"473\" data-image-height=\"315\">\n                <img decoding=\"async\" class=\"u-back-image u-expanded\" src=\"https:\/\/www.casasdomondego.com\/site\/wp-content\/uploads\/2023\/05\/almeida.jpg\" alt=\"ALMEIDA\">\n              <\/div>\n              <div class=\"u-over-slide u-shading u-over-slide-1\">\n                <h3 class=\"u-gallery-heading\" data-lang-pt=\"ALMEIDA\" data-lang-en=\"ALMEIDA\">ALMEIDA<\/h3>\n                <p class=\"u-gallery-text\" style=\"margin-top: 0px;\" data-lang-pt=\"53,9 km\" data-lang-en=\"53,9 km\">53,9 km<\/p>\n              <\/div>\n            <\/div>\n            <div class=\"u-effect-fade u-gallery-item\">\n              <div class=\"u-back-slide\" data-image-width=\"473\" data-image-height=\"315\">\n                <img decoding=\"async\" class=\"u-back-image u-expanded\" src=\"https:\/\/www.casasdomondego.com\/site\/wp-content\/uploads\/2023\/05\/belmonte.jpg\" alt=\"BELMONTE\">\n              <\/div>\n              <div class=\"u-over-slide u-shading u-over-slide-2\">\n                <h3 class=\"u-gallery-heading\" data-lang-pt=\"BELMONTE\" data-lang-en=\"BELMONTE\">BELMONTE<\/h3>\n                <p class=\"u-gallery-text\" style=\"margin-top: 0px;\" data-lang-pt=\"40,6 km\" data-lang-en=\"40,6 km\">40,6 km<\/p>\n              <\/div>\n            <\/div>\n            <div class=\"u-effect-fade u-gallery-item\">\n              <div class=\"u-back-slide\" data-image-width=\"473\" data-image-height=\"315\">\n                <img decoding=\"async\" class=\"u-back-image u-expanded\" src=\"https:\/\/www.casasdomondego.com\/site\/wp-content\/uploads\/2023\/04\/castelo_mendo.jpg\" alt=\"CASTELO MENDO \">\n              <\/div>\n              <div class=\"u-over-slide u-shading u-over-slide-3\">\n                <h3 class=\"u-gallery-heading\" data-lang-pt=\"CASTELO MENDO \" data-lang-en=\"CASTELO MENDO \">CASTELO MENDO <\/h3>\n                <p class=\"u-gallery-text\" style=\"margin-top: 0px;\" data-lang-pt=\"43,8 km\" data-lang-en=\"43,8 km\">43,8 km<\/p>\n              <\/div>\n            <\/div>\n            <div class=\"u-effect-fade u-gallery-item\">\n              <div class=\"u-back-slide\" data-image-width=\"473\" data-image-height=\"315\">\n                <img decoding=\"async\" class=\"u-back-image u-expanded\" src=\"https:\/\/www.casasdomondego.com\/site\/wp-content\/uploads\/2023\/04\/castelo_novo.jpg\" alt=\"CASTELO NOVO\">\n              <\/div>\n              <div class=\"u-over-slide u-shading u-over-slide-4\">\n                <h3 class=\"u-gallery-heading\" data-lang-pt=\"CASTELO NOVO\" data-lang-en=\"CASTELO NOVO\">CASTELO NOVO<\/h3>\n                <p class=\"u-gallery-text\" style=\"margin-top: 0px;\" data-lang-pt=\"43,8 km\" data-lang-en=\"43,8 km\">43,8 km<\/p>\n              <\/div>\n            <\/div>\n            <div class=\"u-effect-fade u-gallery-item\">\n              <div class=\"u-back-slide\" data-image-width=\"473\" data-image-height=\"315\">\n                <img decoding=\"async\" class=\"u-back-image u-expanded\" src=\"https:\/\/www.casasdomondego.com\/site\/wp-content\/uploads\/2023\/04\/castelo_rodrigo.jpg\" alt=\"CASTELO RODRIGO\">\n              <\/div>\n              <div class=\"u-over-slide u-shading u-over-slide-5\">\n                <h3 class=\"u-gallery-heading\" data-lang-pt=\"CASTELO RODRIGO\" data-lang-en=\"CASTELO RODRIGO\">CASTELO RODRIGO<\/h3>\n                <p class=\"u-gallery-text\" style=\"margin-top: 0px;\" data-lang-pt=\"62,2 km\" data-lang-en=\"62,2 km\">62,2 km<\/p>\n              <\/div>\n            <\/div>\n            <div class=\"u-effect-fade u-gallery-item\" data-image-width=\"473\" data-image-height=\"315\">\n              <div class=\"u-back-slide\" data-image-width=\"473\" data-image-height=\"315\">\n                <img decoding=\"async\" class=\"u-back-image u-expanded\" src=\"https:\/\/www.casasdomondego.com\/site\/wp-content\/uploads\/2023\/04\/idanha.jpg\" alt=\"IDANHA-A-VELHA\">\n              <\/div>\n              <div class=\"u-over-slide u-shading u-over-slide-6\">\n                <h3 class=\"u-gallery-heading\" data-lang-pt=\"IDANHA-A-VELHA\" data-lang-en=\"IDANHA-A-VELHA\">IDANHA-A-VELHA<\/h3>\n                <p class=\"u-gallery-text\" data-lang-pt=\"117 km\" style=\"margin-top: 0px;\" data-lang-en=\"117 km\">117 km<\/p>\n              <\/div>\n            <\/div>\n            <div class=\"u-effect-fade u-gallery-item\">\n              <div class=\"u-back-slide\" data-image-width=\"472\" data-image-height=\"315\">\n                <img decoding=\"async\" class=\"u-back-image u-expanded\" src=\"https:\/\/www.casasdomondego.com\/site\/wp-content\/uploads\/2023\/04\/linhares.jpg\" alt=\"LINHARES DA BEIRA\">\n              <\/div>\n              <div class=\"u-over-slide u-shading u-over-slide-7\">\n                <h3 class=\"u-gallery-heading\" data-lang-pt=\"LINHARES DA BEIRA\" data-lang-en=\"LINHARES DA BEIRA\">LINHARES DA BEIRA<\/h3>\n                <p class=\"u-gallery-text\" style=\"margin-top: 0px;\" data-lang-pt=\"25,6 km\" data-lang-en=\"25,6 km\">25,6 km<\/p>\n              <\/div>\n            <\/div>\n            <div class=\"u-effect-fade u-gallery-item\" data-image-width=\"473\" data-image-height=\"315\">\n              <div class=\"u-back-slide\" data-image-width=\"750\" data-image-height=\"500\">\n                <img decoding=\"async\" class=\"u-back-image u-expanded\" src=\"https:\/\/www.casasdomondego.com\/site\/wp-content\/uploads\/2023\/04\/marialava.jpeg\" alt=\"MARIALVA\">\n              <\/div>\n              <div class=\"u-over-slide u-shading u-over-slide-8\">\n                <h3 class=\"u-gallery-heading\" data-lang-pt=\"MARIALVA\" data-lang-en=\"MARIALVA\">MARIALVA<\/h3>\n                <p class=\"u-gallery-text\" data-lang-pt=\"43,3 km\" style=\"margin-top: 0px;\" data-lang-en=\"43,3 km\">43,3 km<\/p>\n              <\/div>\n            <\/div>\n            <div class=\"u-effect-fade u-gallery-item\" data-image-width=\"473\" data-image-height=\"315\">\n              <div class=\"u-back-slide\" data-image-width=\"473\" data-image-height=\"315\">\n                <img decoding=\"async\" class=\"u-back-image u-expanded\" src=\"https:\/\/www.casasdomondego.com\/site\/wp-content\/uploads\/2023\/05\/monsanto.jpg\" alt=\"MONSANTO\">\n              <\/div>\n              <div class=\"u-over-slide u-shading u-over-slide-9\">\n                <h3 class=\"u-gallery-heading\" data-lang-pt=\"MONSANTO\" data-lang-en=\"MONSANTO\">MONSANTO<\/h3>\n                <p class=\"u-gallery-text\" data-lang-pt=\"119 km\" style=\"margin-top: 0px;\" data-lang-en=\"119 km\">119 km<\/p>\n              <\/div>\n            <\/div>\n            <div class=\"u-effect-fade u-gallery-item\" data-image-width=\"473\" data-image-height=\"315\">\n              <div class=\"u-back-slide\" data-image-width=\"473\" data-image-height=\"315\">\n                <img decoding=\"async\" class=\"u-back-image u-expanded\" src=\"https:\/\/www.casasdomondego.com\/site\/wp-content\/uploads\/2023\/05\/piodao.jpg\" alt=\"PI\u00d3D\u00c3O\">\n              <\/div>\n              <div class=\"u-over-slide u-shading u-over-slide-10\">\n                <h3 class=\"u-gallery-heading\" data-lang-pt=\"PI\u00d3D\u00c3O\" data-lang-en=\"PI\u00d3D\u00c3O\">PI\u00d3D\u00c3O<\/h3>\n                <p class=\"u-gallery-text\" data-lang-pt=\"89,2 km\" style=\"margin-top: 0px;\" data-lang-en=\"89,2 km\">89,2 km<\/p>\n              <\/div>\n            <\/div>\n            <div class=\"u-effect-fade u-gallery-item\" data-image-width=\"473\" data-image-height=\"315\">\n              <div class=\"u-back-slide\" data-image-width=\"473\" data-image-height=\"315\">\n                <img decoding=\"async\" class=\"u-back-image u-expanded\" src=\"https:\/\/www.casasdomondego.com\/site\/wp-content\/uploads\/2023\/05\/sortelha.jpg\" alt=\"SORTELHA\">\n              <\/div>\n              <div class=\"u-over-slide u-shading u-over-slide-11\">\n                <h3 class=\"u-gallery-heading\" data-lang-pt=\"SORTELHA\" data-lang-en=\"SORTELHA\">SORTELHA<\/h3>\n                <p class=\"u-gallery-text\" data-lang-pt=\"50,2 km\" style=\"margin-top: 0px;\" data-lang-en=\"50,2 km\">50,2 km<\/p>\n              <\/div>\n            <\/div>\n            <div class=\"u-effect-fade u-gallery-item\" data-image-width=\"473\" data-image-height=\"315\">\n              <div class=\"u-back-slide\" data-image-width=\"473\" data-image-height=\"315\">\n                <img decoding=\"async\" class=\"u-back-image u-expanded\" src=\"https:\/\/www.casasdomondego.com\/site\/wp-content\/uploads\/2023\/05\/trancoso.jpg\" alt=\"TRANCOSO\">\n              <\/div>\n              <div class=\"u-over-slide u-shading u-over-slide-12\">\n                <h3 class=\"u-gallery-heading\" data-lang-pt=\"TRANCOSO\" data-lang-en=\"TRANCOSO\">TRANCOSO<\/h3>\n                <p class=\"u-gallery-text\" data-lang-pt=\"25,4 km\" style=\"margin-top: 0px;\" data-lang-en=\"25,4 km\">25,4 km<\/p>\n              <\/div>\n            <\/div>\n          <\/div>\n        <\/div>\n        <a href=\"https:\/\/www.casasdomondego.com\/site\/index.php\/contacto\/?isPreview=true\" class=\"u-btn u-btn-round u-button-style u-hover-palette-1-light-1 u-palette-1-base u-radius-50 u-btn-1\" data-lang-pt=\"{&quot;content&quot;:&quot;MAIS INFORMA\u00c7\u00d5ES&quot;,&quot;href&quot;:&quot;https:\/\/www.casasdomondego.com\/site\/index.php\/contacto\/?isPreview=true&quot;}\" data-lang-en=\"{&quot;content&quot;:&quot;\u200bMORE INFORMATION&quot;,&quot;href&quot;:&quot;https:\/\/www.casasdomondego.com\/site\/?lang=en&amp;pagename=contacto&quot;}\">MAIS INFORMA\u00c7\u00d5ES<\/a>\n      <\/div>\n    <\/section>\n    \n    \n  \n","protected":false},"excerpt":{"rendered":"<p>Quantas surpresas por descobrir&#8230; Aldeias Hist\u00f3ricas As Aldeias Hist\u00f3ricas de Portugal s\u00e3o antiqu\u00edssimos n\u00facleos urbanos com funda\u00e7\u00e3o anterior \u00e0 na\u00e7\u00e3o portuguesa, situadas na regi\u00e3o das Beiras e de grande import\u00e2ncia hist\u00f3rica. ALMEIDA 53,9 km BELMONTE 40,6 km CASTELO MENDO 43,8 km CASTELO NOVO 43,8 km CASTELO RODRIGO 62,2 km IDANHA-A-VELHA 117 km LINHARES DA BEIRA &hellip; <a href=\"https:\/\/www.casasdomondego.com\/site\/aldeias-historicas\/\" class=\"more-link\">Continue reading<span class=\"screen-reader-text\"> &#8220;Aldeias Hist\u00f3ricas&#8221;<\/span><\/a><\/p>\n","protected":false},"author":1,"featured_media":0,"parent":0,"menu_order":1,"comment_status":"closed","ping_status":"closed","template":"","meta":{"_monsterinsights_skip_tracking":false,"_monsterinsights_sitenote_active":false,"_monsterinsights_sitenote_note":"","_monsterinsights_sitenote_category":0,"footnotes":""},"class_list":["post-38","page","type-page","status-publish","hentry"],"_links":{"self":[{"href":"https:\/\/www.casasdomondego.com\/site\/wp-json\/wp\/v2\/pages\/38","targetHints":{"allow":["GET"]}}],"collection":[{"href":"https:\/\/www.casasdomondego.com\/site\/wp-json\/wp\/v2\/pages"}],"about":[{"href":"https:\/\/www.casasdomondego.com\/site\/wp-json\/wp\/v2\/types\/page"}],"author":[{"embeddable":true,"href":"https:\/\/www.casasdomondego.com\/site\/wp-json\/wp\/v2\/users\/1"}],"replies":[{"embeddable":true,"href":"https:\/\/www.casasdomondego.com\/site\/wp-json\/wp\/v2\/comments?post=38"}],"version-history":[{"count":4,"href":"https:\/\/www.casasdomondego.com\/site\/wp-json\/wp\/v2\/pages\/38\/revisions"}],"predecessor-version":[{"id":412,"href":"https:\/\/www.casasdomondego.com\/site\/wp-json\/wp\/v2\/pages\/38\/revisions\/412"}],"wp:attachment":[{"href":"https:\/\/www.casasdomondego.com\/site\/wp-json\/wp\/v2\/media?parent=38"}],"curies":[{"name":"wp","href":"https:\/\/api.w.org\/{rel}","templated":true}]}}